{"id":71,"date":"2025-04-02T13:19:09","date_gmt":"2025-04-02T11:19:09","guid":{"rendered":"https:\/\/aurelievoyagebe.wordpress.com\/?page_id=71"},"modified":"2025-12-19T15:58:29","modified_gmt":"2025-12-19T15:58:29","slug":"liens-utiles","status":"publish","type":"page","link":"https:\/\/aurelievoyage.be\/index.php\/liens-utiles\/","title":{"rendered":"Liens utiles"},"content":{"rendered":"\n<div class=\"wp-block-group alignwide\" style=\"border-bottom-width:1px;padding-top:32px;padding-bottom:32px\"><div class=\"wp-block-group__inner-container is-layout-constrained wp-block-group-is-layout-constrained\">\n<div class=\"wp-block-group\"><div class=\"wp-block-group__inner-container is-layout-constrained wp-block-group-is-layout-constrained\">\n<div class=\"wp-block-group is-vertical is-layout-flex wp-container-core-group-is-layout-5d5a54e7 wp-block-group-is-layout-flex\">\n<h3 class=\"wp-block-heading\">Quels sont les documents que je dois avoir en ma possession pour ma destination ?<\/h3>\n\n\n\n<div class=\"wp-block-group is-layout-flex wp-block-group-is-layout-flex\">\n<p class=\"is-event-date\">Pour savoir quels sont les documents obligatoires \u00e0 avoir avec vous pour votre destination, il vous suffit de vous rendre sur le site des Affaires \u00e9trang\u00e8res et de cliquer sur la rubrique \u00ab\u00a0Documents de voyage\u00a0\u00bb. Je vous ai gliss\u00e9 le lien direct via le bouton ci-dessous.<\/p>\n<\/div>\n<\/div>\n\n\n\n<div class=\"wp-block-columns are-vertically-aligned-top is-layout-flex wp-container-core-columns-is-layout-9d6595d7 wp-block-columns-is-layout-flex\">\n<div class=\"wp-block-column is-vertically-aligned-top is-layout-flow wp-block-column-is-layout-flow\" style=\"flex-basis:100%\">\n<div class=\"wp-block-buttons is-vertical is-layout-flex wp-container-core-buttons-is-layout-5d7494df wp-block-buttons-is-layout-flex\">\n<div class=\"wp-block-button\"><a class=\"wp-block-button__link has-luminous-vivid-orange-color has-very-light-gray-to-cyan-bluish-gray-gradient-background has-text-color has-background has-link-color wp-element-button\" href=\"https:\/\/diplomatie.belgium.be\/fr\/documents-de-voyage\" target=\"_blank\" rel=\"noreferrer noopener\">SPF Affaires \u00e9trang\u00e8res\/Documents de voyage<\/a><\/div>\n<\/div>\n<\/div>\n<\/div>\n<\/div><\/div>\n<\/div><\/div>\n\n\n\n<div class=\"wp-block-group alignwide\" style=\"border-bottom-width:1px;padding-top:32px;padding-bottom:32px\"><div class=\"wp-block-group__inner-container is-layout-constrained wp-block-group-is-layout-constrained\">\n<div class=\"wp-block-group\"><div class=\"wp-block-group__inner-container is-layout-constrained wp-block-group-is-layout-constrained\">\n<div class=\"wp-block-group is-vertical is-layout-flex wp-container-core-group-is-layout-5d5a54e7 wp-block-group-is-layout-flex\">\n<h3 class=\"wp-block-heading is-event-name\">Ai-je besoin de vaccins particuliers pour ma destination ?                                 <\/h3>\n\n\n\n<div class=\"wp-block-group is-layout-flex wp-block-group-is-layout-flex\">\n<p class=\"is-event-date\">Le site de l&rsquo;Institut Tropical d&rsquo;Anvers WANDA.be vous permet de retrouver la liste de tous les risques concernant le pays, voire la zone du pays, que vous visiterez. <\/p>\n<\/div>\n<\/div>\n\n\n\n<div class=\"wp-block-columns are-vertically-aligned-top is-layout-flex wp-container-core-columns-is-layout-9d6595d7 wp-block-columns-is-layout-flex\">\n<div class=\"wp-block-column is-vertically-aligned-top is-layout-flow wp-block-column-is-layout-flow\" style=\"flex-basis:100%\">\n<div class=\"wp-block-buttons is-layout-flex wp-block-buttons-is-layout-flex\">\n<div class=\"wp-block-button is-style-fill\"><a class=\"wp-block-button__link has-luminous-vivid-orange-color has-very-light-gray-to-cyan-bluish-gray-gradient-background has-text-color has-background has-link-color wp-element-button\" href=\"https:\/\/www.wanda.be\/fr\/\" target=\"_blank\" rel=\"noreferrer noopener\">Wanda<\/a><\/div>\n<\/div>\n<\/div>\n<\/div>\n<\/div><\/div>\n<\/div><\/div>\n\n\n\n<div class=\"wp-block-group alignwide\" style=\"border-bottom-width:1px;padding-top:32px;padding-bottom:32px\"><div class=\"wp-block-group__inner-container is-layout-constrained wp-block-group-is-layout-constrained\">\n<div class=\"wp-block-group\"><div class=\"wp-block-group__inner-container is-layout-constrained wp-block-group-is-layout-constrained\">\n<div class=\"wp-block-group is-vertical is-layout-flex wp-container-core-group-is-layout-5d5a54e7 wp-block-group-is-layout-flex\">\n<h3 class=\"wp-block-heading is-event-name\">O\u00f9 trouver la liste des Cliniques du voyage en Belgique ?                                 <\/h3>\n\n\n\n<div class=\"wp-block-group is-layout-flex wp-block-group-is-layout-flex\">\n<p class=\"is-event-date\">Les Cliniques du voyage permettent de rencontrer un m\u00e9decin sp\u00e9cialis\u00e9 dans les maladies tropicales. Si vous avez un \u00e9tat de sant\u00e9 particulier, il peut \u00eatre int\u00e9ressant de consulter afin d&rsquo;obtenir des informations plus sp\u00e9cifiques \u00e0 votre cas ou encore d&rsquo;obtenir des documents vous lib\u00e9rant de certains vaccins obligatoires pour raisons de sant\u00e9.<\/p>\n\n\n\n<p class=\"is-event-date\">Les Cliniques du voyage proposent \u00e9galement un service de vaccination et pourront vous prescrire avec exactitude les \u00e9ventuels traitement \u00e0 prendre sur place, par exemple un anti malarique. Une liste avec toutes les informations de contact de ces cliniques a \u00e9t\u00e9 \u00e9tablie par l&rsquo;Institut Tropical d&rsquo;Anvers sur son site WANDA.be que vous trouverez directement en cliquant ci-dessous.    <\/p>\n<\/div>\n<\/div>\n\n\n\n<div class=\"wp-block-columns are-vertically-aligned-top is-layout-flex wp-container-core-columns-is-layout-9d6595d7 wp-block-columns-is-layout-flex\">\n<div class=\"wp-block-column is-vertically-aligned-top is-layout-flow wp-block-column-is-layout-flow\" style=\"flex-basis:100%\">\n<div class=\"wp-block-buttons is-layout-flex wp-block-buttons-is-layout-flex\">\n<div class=\"wp-block-button\"><a class=\"wp-block-button__link has-luminous-vivid-orange-color has-very-light-gray-to-cyan-bluish-gray-gradient-background has-text-color has-background has-link-color wp-element-button\" href=\"https:\/\/www.wanda.be\/fr\/a-z-index\/cliniques-du-voyage-en-belgique\/\" target=\"_blank\" rel=\"noreferrer noopener\">Wanda\/Cliniques du voyage<\/a><\/div>\n<\/div>\n<\/div>\n<\/div>\n<\/div><\/div>\n<\/div><\/div>\n\n\n\n<div class=\"wp-block-group alignwide\" style=\"border-bottom-width:1px;padding-top:32px;padding-bottom:32px\"><div class=\"wp-block-group__inner-container is-layout-constrained wp-block-group-is-layout-constrained\">\n<div class=\"wp-block-group\"><div class=\"wp-block-group__inner-container is-layout-constrained wp-block-group-is-layout-constrained\">\n<div class=\"wp-block-group is-vertical is-layout-flex wp-container-core-group-is-layout-5d5a54e7 wp-block-group-is-layout-flex\">\n<h3 class=\"wp-block-heading is-event-name\">Comment rester inform\u00e9s et obtenir le soutien du SPF Affaires \u00e9trang\u00e8res en cas de probl\u00e8me sur place ?<\/h3>\n\n\n\n<div class=\"wp-block-group is-layout-flex wp-block-group-is-layout-flex\">\n<p class=\"is-event-date\">Aucun pays n\u2019est totalement \u00e0 l\u2019abri d\u2019une crise, des al\u00e9as de la nature, d\u2019attentats ou d\u2019accidents. Afin de rester inform\u00e9s et obtenir le soutien du SPF Affaires \u00e9trang\u00e8res sur les lieux de votre s\u00e9jour, enregistrez votre voyage sur Travellers Online. Les Affaires \u00e9trang\u00e8res pourront ainsi prendre contact avec vous plus facilement. Sachez que les donn\u00e9es que vous y enregistrerez restent toujours&nbsp;<strong>confidentielles<\/strong>.<\/p>\n<\/div>\n<\/div>\n\n\n\n<div class=\"wp-block-buttons is-layout-flex wp-block-buttons-is-layout-flex\">\n<div class=\"wp-block-button\"><a class=\"wp-block-button__link has-luminous-vivid-orange-color has-very-light-gray-to-cyan-bluish-gray-gradient-background has-text-color has-background has-link-color wp-element-button\" href=\"https:\/\/travellersonline.diplomatie.be\/\" target=\"_blank\" rel=\"noreferrer noopener\">Travellers online<\/a><\/div>\n<\/div>\n<\/div><\/div>\n<\/div><\/div>\n\n\n\n<div class=\"wp-block-group alignwide\" style=\"border-bottom-width:1px;padding-top:32px;padding-bottom:32px\"><div class=\"wp-block-group__inner-container is-layout-constrained wp-block-group-is-layout-constrained\">\n<div class=\"wp-block-group\"><div class=\"wp-block-group__inner-container is-layout-constrained wp-block-group-is-layout-constrained\">\n<div class=\"wp-block-group is-vertical is-layout-flex wp-container-core-group-is-layout-5d5a54e7 wp-block-group-is-layout-flex\">\n<h3 class=\"wp-block-heading is-event-name\">O\u00f9 obtenir tous les conseils aux voyageurs pour ma destination ?<\/h3>\n\n\n\n<div class=\"wp-block-group is-layout-flex wp-block-group-is-layout-flex\">\n<p class=\"is-event-date\">Afin d&rsquo;obtenir les derni\u00e8res mises \u00e0 jour des informations qui concernent votre destination, vous pouvez vous rendre sur le site des Affaires \u00e9trang\u00e8res Belges. Le lien direct se trouve juste ci-dessous. Vous y trouverez des conseils relatifs \u00e0 la s\u00e9curit\u00e9 g\u00e9n\u00e9rale du pays, les modes de transport, le climat, la sant\u00e9 et l&rsquo;hygi\u00e8ne, la l\u00e9gislation locale et un tas d&rsquo;autres informations pratiques.<\/p>\n<\/div>\n<\/div>\n\n\n\n<div class=\"wp-block-buttons is-layout-flex wp-block-buttons-is-layout-flex\">\n<div class=\"wp-block-button\"><a class=\"wp-block-button__link has-luminous-vivid-orange-color has-very-light-gray-to-cyan-bluish-gray-gradient-background has-text-color has-background has-link-color wp-element-button\" href=\"https:\/\/diplomatie.belgium.be\/fr\/conseils-aux-voyageurs\" target=\"_blank\" rel=\"noreferrer noopener\">SPF Affaires \u00e9trang\u00e8res\/Conseils aux voyageurs<\/a><\/div>\n<\/div>\n<\/div><\/div>\n<\/div><\/div>\n","protected":false},"excerpt":{"rendered":"<p>Quels sont les documents que je dois avoir en ma possession pour ma destination ? Pour savoir quels sont les documents obligatoires \u00e0 avoir avec vous pour votre destination, il vous suffit de vous rendre sur le site des Affaires \u00e9trang\u00e8res et de cliquer sur la rubrique \u00ab\u00a0Documents de voyage\u00a0\u00bb. Je vous ai gliss\u00e9 le [&hellip;]<\/p>\n","protected":false},"author":1,"featured_media":1932,"parent":0,"menu_order":0,"comment_status":"closed","ping_status":"closed","template":"","meta":{"footnotes":""},"class_list":["post-71","page","type-page","status-publish","has-post-thumbnail","hentry"],"jetpack_sharing_enabled":true,"_links":{"self":[{"href":"https:\/\/aurelievoyage.be\/index.php\/wp-json\/wp\/v2\/pages\/71","targetHints":{"allow":["GET"]}}],"collection":[{"href":"https:\/\/aurelievoyage.be\/index.php\/wp-json\/wp\/v2\/pages"}],"about":[{"href":"https:\/\/aurelievoyage.be\/index.php\/wp-json\/wp\/v2\/types\/page"}],"author":[{"embeddable":true,"href":"https:\/\/aurelievoyage.be\/index.php\/wp-json\/wp\/v2\/users\/1"}],"replies":[{"embeddable":true,"href":"https:\/\/aurelievoyage.be\/index.php\/wp-json\/wp\/v2\/comments?post=71"}],"version-history":[{"count":4,"href":"https:\/\/aurelievoyage.be\/index.php\/wp-json\/wp\/v2\/pages\/71\/revisions"}],"predecessor-version":[{"id":1890,"href":"https:\/\/aurelievoyage.be\/index.php\/wp-json\/wp\/v2\/pages\/71\/revisions\/1890"}],"wp:featuredmedia":[{"embeddable":true,"href":"https:\/\/aurelievoyage.be\/index.php\/wp-json\/wp\/v2\/media\/1932"}],"wp:attachment":[{"href":"https:\/\/aurelievoyage.be\/index.php\/wp-json\/wp\/v2\/media?parent=71"}],"curies":[{"name":"wp","href":"https:\/\/api.w.org\/{rel}","templated":true}]}}