{"id":7,"date":"2025-03-29T20:31:55","date_gmt":"2025-03-29T20:31:55","guid":{"rendered":"http:\/\/aurelievoyagebe.wordpress.com\/?page_id=1"},"modified":"2025-12-19T16:16:31","modified_gmt":"2025-12-19T16:16:31","slug":"about","status":"publish","type":"page","link":"https:\/\/aurelievoyage.be\/index.php\/about\/","title":{"rendered":"Qui suis-je ?"},"content":{"rendered":"\n<p>Je vous souhaite la bienvenue sur ce blog ! Si vous y \u00eates arriv\u00e9s, c\u2019est certainement que, comme moi, vous \u00eates passionn\u00e9s par les&nbsp;<strong>voyages&nbsp;<\/strong>et la d\u00e9couverte d\u2019autres horizons.<\/p>\n\n\n\n<p>J\u2019ai pris l\u2019avion pour la premi\u00e8re fois \u00e0 l\u2019\u00e2ge de 17 ans. Il s\u2019agissait de mon voyage de rh\u00e9to (Ce qui correspond \u00e0 la terminale pour nos amis fran\u00e7ais\u00a0\u00a0<strong><code>\ud83d\ude09<\/code>\u00a0<\/strong>\u00a0) et j\u2019ai eu la chance de partir pour la tr\u00e8s belle\u00a0<strong>\u00eele de Malte<\/strong>. Deux mois plus tard, je partais pour le\u00a0<strong>Canada<\/strong>, sac \u00e0 dos au dos, pour un p\u00e9riple de 3 semaines. Ma soif de d\u00e9couvertes \u00e9tait n\u00e9e et ne m\u2019a plus jamais quitt\u00e9e !<\/p>\n\n\n\n<p>Egalement grande amatrice de belles images, J&rsquo;ai ensuite entam\u00e9 des \u00e9tudes de photographie qui m&rsquo;ont permise de capturer tous ces beaux endroits visit\u00e9s ensuite.<\/p>\n\n\n\n<p>Aujourd\u2019hui, je viens de f\u00eater mes 41 ans. Je suis mari\u00e9e et l\u2019heureuse maman de deux jeunes filles de 14 et 16 ans, et nous avons v\u00e9cu plusieurs aventures en famille, dont, r\u00e9cemment, un\u00a0<strong>road trip<\/strong>\u00a0de 3 semaines dans un pays que j\u2019affectionne depuis mon adolescence : la\u00a0<strong>Namibie<\/strong>. Ce projet, que nous avons pr\u00e9par\u00e9 pendant plus d\u2019un an, m\u2019a donn\u00e9 envie de partager mes d\u00e9couvertes et mes photos.<\/p>\n\n\n\n<p>Voici donc l\u2019histoire de la naissance de ce blog o\u00f9, je l\u2019esp\u00e8re tr\u00e8s sinc\u00e8rement, vous pourrez vous \u00e9vader le temps d\u2019un article ou deux. Et \u2026 pourquoi pas ?! Trouver l\u2019id\u00e9e de votre prochain&nbsp;<strong>voyage&nbsp;<\/strong>!<\/p>\n\n\n\n<p>R\u00eaver, c\u2019est en tous les cas d\u00e9j\u00e0 faire un pas vers sa destination. Je vous souhaite donc des r\u00eaves \u00e0 n\u2019en plus finir et la possibilit\u00e9 d\u2019en r\u00e9aliser quelques-uns &#8230;<\/p>\n\n\n\n<p>Bon voyage au travers de ces pages.<\/p>\n\n\n\n<p>Aur\u00e9lie<\/p>\n\n\n\n<div style=\"height:0px\" aria-hidden=\"true\" class=\"wp-block-spacer\"><\/div>\n","protected":false},"excerpt":{"rendered":"<p>Je vous souhaite la bienvenue sur ce blog ! Si vous y \u00eates arriv\u00e9s, c\u2019est certainement que, comme moi, vous \u00eates passionn\u00e9s par les&nbsp;voyages&nbsp;et la d\u00e9couverte d\u2019autres horizons. J\u2019ai pris l\u2019avion pour la premi\u00e8re fois \u00e0 l\u2019\u00e2ge de 17 ans. Il s\u2019agissait de mon voyage de rh\u00e9to (Ce qui correspond \u00e0 la terminale pour nos [&hellip;]<\/p>\n","protected":false},"author":1,"featured_media":1937,"parent":0,"menu_order":0,"comment_status":"closed","ping_status":"closed","template":"","meta":{"footnotes":""},"class_list":["post-7","page","type-page","status-publish","has-post-thumbnail","hentry"],"jetpack_sharing_enabled":true,"_links":{"self":[{"href":"https:\/\/aurelievoyage.be\/index.php\/wp-json\/wp\/v2\/pages\/7","targetHints":{"allow":["GET"]}}],"collection":[{"href":"https:\/\/aurelievoyage.be\/index.php\/wp-json\/wp\/v2\/pages"}],"about":[{"href":"https:\/\/aurelievoyage.be\/index.php\/wp-json\/wp\/v2\/types\/page"}],"author":[{"embeddable":true,"href":"https:\/\/aurelievoyage.be\/index.php\/wp-json\/wp\/v2\/users\/1"}],"replies":[{"embeddable":true,"href":"https:\/\/aurelievoyage.be\/index.php\/wp-json\/wp\/v2\/comments?post=7"}],"version-history":[{"count":5,"href":"https:\/\/aurelievoyage.be\/index.php\/wp-json\/wp\/v2\/pages\/7\/revisions"}],"predecessor-version":[{"id":1941,"href":"https:\/\/aurelievoyage.be\/index.php\/wp-json\/wp\/v2\/pages\/7\/revisions\/1941"}],"wp:featuredmedia":[{"embeddable":true,"href":"https:\/\/aurelievoyage.be\/index.php\/wp-json\/wp\/v2\/media\/1937"}],"wp:attachment":[{"href":"https:\/\/aurelievoyage.be\/index.php\/wp-json\/wp\/v2\/media?parent=7"}],"curies":[{"name":"wp","href":"https:\/\/api.w.org\/{rel}","templated":true}]}}