{"id":479,"date":"2025-04-10T16:57:36","date_gmt":"2025-04-10T14:57:36","guid":{"rendered":"https:\/\/aurelievoyagebe.wordpress.com\/?page_id=479"},"modified":"2025-04-10T16:57:36","modified_gmt":"2025-04-10T14:57:36","slug":"athenes-crete-santorin","status":"publish","type":"page","link":"https:\/\/aurelievoyage.be\/index.php\/mes-voyages\/athenes-crete-santorin\/","title":{"rendered":"Ath\u00e8nes-Cr\u00eate-Santorin"},"content":{"rendered":"\n<div class=\"wp-block-group alignfull is-style-default is-content-justification-center\" style=\"margin-top:0;margin-bottom:0;padding-top:var(--wp--preset--spacing--40);padding-bottom:var(--wp--preset--spacing--40)\"><div class=\"wp-block-group__inner-container is-layout-constrained wp-block-group-is-layout-constrained\">\n<h3 class=\"wp-block-heading\">Un circuit en Gr\u00e8ce<\/h3>\n\n\n\n<p>Elle nous fascine par son histoire. Elle nous charme avec ses couleurs et elle s\u00e9duit gr\u00e2ce \u00e0 sa gastronomie. La Gr\u00e8ce est une destination qui a beaucoup \u00e0 offrir \u00e0 qui veut bien l&rsquo;explorer au gr\u00e9 de ses routes escarp\u00e9es. Gros plan sur Ath\u00e8nes, la Cr\u00eate et Santorin.<\/p>\n\n\n\n<blockquote class=\"wp-block-quote is-layout-flow wp-block-quote-is-layout-flow\">\n<blockquote class=\"wp-block-quote is-layout-flow wp-block-quote-is-layout-flow\">\n<p>\u00a0\u00bb Les articles consacr\u00e9s \u00e0 ce voyage sont en cours de pr\u00e9paration et seront disponibles tr\u00e8s prochainement ! \u00ab\u00a0<\/p>\n<\/blockquote>\n<\/blockquote>\n<\/div><\/div>\n","protected":false},"excerpt":{"rendered":"<p>Un circuit en Gr\u00e8ce Elle nous fascine par son histoire. Elle nous charme avec ses couleurs et elle s\u00e9duit gr\u00e2ce \u00e0 sa gastronomie. La Gr\u00e8ce est une destination qui a beaucoup \u00e0 offrir \u00e0 qui veut bien l&rsquo;explorer au gr\u00e9 de ses routes escarp\u00e9es. Gros plan sur Ath\u00e8nes, la Cr\u00eate et Santorin. \u00a0\u00bb Les articles [&hellip;]<\/p>\n","protected":false},"author":1,"featured_media":795,"parent":122,"menu_order":0,"comment_status":"closed","ping_status":"closed","template":"","meta":{"footnotes":""},"class_list":["post-479","page","type-page","status-publish","has-post-thumbnail","hentry"],"jetpack_sharing_enabled":true,"_links":{"self":[{"href":"https:\/\/aurelievoyage.be\/index.php\/wp-json\/wp\/v2\/pages\/479","targetHints":{"allow":["GET"]}}],"collection":[{"href":"https:\/\/aurelievoyage.be\/index.php\/wp-json\/wp\/v2\/pages"}],"about":[{"href":"https:\/\/aurelievoyage.be\/index.php\/wp-json\/wp\/v2\/types\/page"}],"author":[{"embeddable":true,"href":"https:\/\/aurelievoyage.be\/index.php\/wp-json\/wp\/v2\/users\/1"}],"replies":[{"embeddable":true,"href":"https:\/\/aurelievoyage.be\/index.php\/wp-json\/wp\/v2\/comments?post=479"}],"version-history":[{"count":0,"href":"https:\/\/aurelievoyage.be\/index.php\/wp-json\/wp\/v2\/pages\/479\/revisions"}],"up":[{"embeddable":true,"href":"https:\/\/aurelievoyage.be\/index.php\/wp-json\/wp\/v2\/pages\/122"}],"wp:featuredmedia":[{"embeddable":true,"href":"https:\/\/aurelievoyage.be\/index.php\/wp-json\/"}],"wp:attachment":[{"href":"https:\/\/aurelievoyage.be\/index.php\/wp-json\/wp\/v2\/media?parent=479"}],"curies":[{"name":"wp","href":"https:\/\/api.w.org\/{rel}","templated":true}]}}