{"id":238,"date":"2025-04-14T14:00:12","date_gmt":"2025-04-14T12:00:12","guid":{"rendered":"https:\/\/aurelievoyagebe.wordpress.com\/?page_id=238"},"modified":"2025-12-19T11:56:05","modified_gmt":"2025-12-19T11:56:05","slug":"seville","status":"publish","type":"page","link":"https:\/\/aurelievoyage.be\/index.php\/mes-voyages\/seville\/","title":{"rendered":"S\u00e9ville"},"content":{"rendered":"\n<p>Cette page est cours d&rsquo;\u00e9criture et sera disponible prochainement !<\/p>\n\n\n\n<p>A bient\u00f4t !<br>Aur\u00e9lie<\/p>\n","protected":false},"excerpt":{"rendered":"<p>Cette page est cours d&rsquo;\u00e9criture et sera disponible prochainement ! A bient\u00f4t !Aur\u00e9lie<\/p>\n","protected":false},"author":1,"featured_media":779,"parent":122,"menu_order":0,"comment_status":"closed","ping_status":"closed","template":"","meta":{"footnotes":""},"class_list":["post-238","page","type-page","status-publish","has-post-thumbnail","hentry"],"jetpack_sharing_enabled":true,"_links":{"self":[{"href":"https:\/\/aurelievoyage.be\/index.php\/wp-json\/wp\/v2\/pages\/238","targetHints":{"allow":["GET"]}}],"collection":[{"href":"https:\/\/aurelievoyage.be\/index.php\/wp-json\/wp\/v2\/pages"}],"about":[{"href":"https:\/\/aurelievoyage.be\/index.php\/wp-json\/wp\/v2\/types\/page"}],"author":[{"embeddable":true,"href":"https:\/\/aurelievoyage.be\/index.php\/wp-json\/wp\/v2\/users\/1"}],"replies":[{"embeddable":true,"href":"https:\/\/aurelievoyage.be\/index.php\/wp-json\/wp\/v2\/comments?post=238"}],"version-history":[{"count":1,"href":"https:\/\/aurelievoyage.be\/index.php\/wp-json\/wp\/v2\/pages\/238\/revisions"}],"predecessor-version":[{"id":1906,"href":"https:\/\/aurelievoyage.be\/index.php\/wp-json\/wp\/v2\/pages\/238\/revisions\/1906"}],"up":[{"embeddable":true,"href":"https:\/\/aurelievoyage.be\/index.php\/wp-json\/wp\/v2\/pages\/122"}],"wp:featuredmedia":[{"embeddable":true,"href":"https:\/\/aurelievoyage.be\/index.php\/wp-json\/"}],"wp:attachment":[{"href":"https:\/\/aurelievoyage.be\/index.php\/wp-json\/wp\/v2\/media?parent=238"}],"curies":[{"name":"wp","href":"https:\/\/api.w.org\/{rel}","templated":true}]}}