{"id":1911,"date":"2025-12-19T15:03:02","date_gmt":"2025-12-19T15:03:02","guid":{"rendered":"https:\/\/aurelievoyage.be\/?page_id=1911"},"modified":"2025-12-19T16:03:50","modified_gmt":"2025-12-19T16:03:50","slug":"formulaire-de-contact","status":"publish","type":"page","link":"https:\/\/aurelievoyage.be\/index.php\/formulaire-de-contact\/","title":{"rendered":"Contact"},"content":{"rendered":"\n<p>Vous souhaitez me contacter pour obtenir une information, poser une question ou encore partager vos impressions ? Laissez vos coordonn\u00e9es et votre message ci-dessous et je vous r\u00e9pondrai dans les meilleurs d\u00e9lais !<\/p>\n\n\n\n<p>A bient\u00f4t !<\/p>\n\n\n<div class=\"wp-block-jetpack-contact-form\"><a href=\"https:\/\/aurelievoyage.be\/index.php\/formulaire-de-contact\/\" target=\"_blank\" rel=\"noopener noreferrer\">Soumettre un formulaire.<\/a><\/div>","protected":false},"excerpt":{"rendered":"<p>Vous souhaitez me contacter pour obtenir une information, poser une question ou encore partager vos impressions ? Laissez vos coordonn\u00e9es et votre message ci-dessous et je vous r\u00e9pondrai dans les meilleurs d\u00e9lais ! A bient\u00f4t !<\/p>\n","protected":false},"author":1,"featured_media":1934,"parent":0,"menu_order":0,"comment_status":"closed","ping_status":"closed","template":"","meta":{"footnotes":""},"class_list":["post-1911","page","type-page","status-publish","has-post-thumbnail","hentry"],"jetpack_sharing_enabled":true,"_links":{"self":[{"href":"https:\/\/aurelievoyage.be\/index.php\/wp-json\/wp\/v2\/pages\/1911","targetHints":{"allow":["GET"]}}],"collection":[{"href":"https:\/\/aurelievoyage.be\/index.php\/wp-json\/wp\/v2\/pages"}],"about":[{"href":"https:\/\/aurelievoyage.be\/index.php\/wp-json\/wp\/v2\/types\/page"}],"author":[{"embeddable":true,"href":"https:\/\/aurelievoyage.be\/index.php\/wp-json\/wp\/v2\/users\/1"}],"replies":[{"embeddable":true,"href":"https:\/\/aurelievoyage.be\/index.php\/wp-json\/wp\/v2\/comments?post=1911"}],"version-history":[{"count":6,"href":"https:\/\/aurelievoyage.be\/index.php\/wp-json\/wp\/v2\/pages\/1911\/revisions"}],"predecessor-version":[{"id":1925,"href":"https:\/\/aurelievoyage.be\/index.php\/wp-json\/wp\/v2\/pages\/1911\/revisions\/1925"}],"wp:featuredmedia":[{"embeddable":true,"href":"https:\/\/aurelievoyage.be\/index.php\/wp-json\/wp\/v2\/media\/1934"}],"wp:attachment":[{"href":"https:\/\/aurelievoyage.be\/index.php\/wp-json\/wp\/v2\/media?parent=1911"}],"curies":[{"name":"wp","href":"https:\/\/api.w.org\/{rel}","templated":true}]}}